{"id":30,"date":"2023-12-11T11:19:49","date_gmt":"2023-12-11T11:19:49","guid":{"rendered":"https:\/\/ott.usm.md\/?page_id=30"},"modified":"2024-01-03T10:46:05","modified_gmt":"2024-01-03T10:46:05","slug":"contacte","status":"publish","type":"page","link":"https:\/\/ott.usm.md\/?page_id=30","title":{"rendered":"Misiune"},"content":{"rendered":"<p style=\"text-align: justify;\">Viziunea OITT este rezultat\u0103 din politica Strategiei Na\u021bional\u0103 de Dezvoltare \u201eMoldova European\u0103 2030\u201d, din Obiectivele de Dezvoltare Durabil\u0103 ale ONU, din eforturile de aliniere treptat\u0103 la orient\u0103rile recente ale politicii UE, dictat\u0103 de necesitatea cre\u0219terii capacit\u0103\u021bii \u015fi competitivit\u0103\u021bii sistemului CDI al USM.<\/p>\n<p style=\"text-align: justify;\">Misiunea Oficiului Inovare \u0219i Transfer Tehnologic const\u0103 \u00een promovarea \u0219i consolidarea rolului USM ca partener strategic \u00een dezvoltarea economiei locale \u0219i regionale reprezint\u0103 un efort sus\u021binut de aliniere a universit\u0103\u021bii cu nevoile specifice de dezvoltare economic\u0103 \u0219i social\u0103 ale comunit\u0103\u021bilor, av\u00e2nd \u00een vedere direc\u021bionarea c\u0103tre o societate fundamentat\u0103 pe cunoa\u0219tere.<\/p>\n<p style=\"text-align: justify;\">Prin ini\u021biative inovatoare \u0219i colaborative, Oficiul Inovare \u0219i Transfer Tehnologic \u00ee\u0219i propune s\u0103 contribuie la formarea unei infrastructuri educa\u021bionale \u0219i de cercetare care s\u0103 stimuleze progresul economic, facilit\u00e2nd astfel schimbul de cuno\u0219tin\u021be \u0219i promov\u00e2nd sustenabilitatea \u00een regiune.<\/p>\n<p style=\"text-align: justify;\">\u00cen acest context, Oficiul Inovare \u0219i Transfer Tehnologic contribuie la implementarea Strategiei de dezvoltare a Universit\u0103\u021bii de Stat din Moldova (2021-2026), prin facilitarea dezvolt\u0103rii, disemin\u0103rii, protec\u021biei, transferului, licen\u021bierii \u0219i comercializ\u0103rii tehnologiilor, a inven\u021biilor \u0219i a crea\u021biilor cercet\u0103torilor, cadrelor didactice, doctoranzilor \u0219i studen\u021bilor Universit\u0103\u021bii de Stat din Moldova.<\/p>\n","protected":false},"excerpt":{"rendered":"<p>Viziunea OITT este rezultat\u0103 din politica Strategiei Na\u021bional\u0103 de Dezvoltare \u201eMoldova European\u0103 2030\u201d, din Obiectivele de Dezvoltare Durabil\u0103 ale ONU, din eforturile de aliniere treptat\u0103 la orient\u0103rile recente ale politicii UE, dictat\u0103 de necesitatea cre\u0219terii capacit\u0103\u021bii \u015fi competitivit\u0103\u021bii sistemului CDI al USM. Misiunea Oficiului Inovare \u0219i Transfer Tehnologic const\u0103 \u00een promovarea \u0219i consolidarea rolului USM&hellip; <br \/> <a class=\"read-more\" href=\"https:\/\/ott.usm.md\/?page_id=30\">Cite\u0219te mai mult<\/a><\/p>\n","protected":false},"author":1,"featured_media":0,"parent":0,"menu_order":0,"comment_status":"closed","ping_status":"closed","template":"","meta":{"footnotes":""},"class_list":["post-30","page","type-page","status-publish","hentry"],"rttpg_featured_image_url":null,"rttpg_author":{"display_name":"","author_link":"https:\/\/ott.usm.md\/?author=1"},"rttpg_comment":0,"rttpg_category":null,"rttpg_excerpt":"Viziunea OITT este rezultat\u0103 din politica Strategiei Na\u021bional\u0103 de Dezvoltare \u201eMoldova European\u0103 2030\u201d, din Obiectivele de Dezvoltare Durabil\u0103 ale ONU, din eforturile de aliniere treptat\u0103 la orient\u0103rile recente ale politicii UE, dictat\u0103 de necesitatea cre\u0219terii capacit\u0103\u021bii \u015fi competitivit\u0103\u021bii sistemului CDI al USM. Misiunea Oficiului Inovare \u0219i Transfer Tehnologic const\u0103 \u00een promovarea \u0219i consolidarea rolului USM&hellip;&hellip;","_links":{"self":[{"href":"https:\/\/ott.usm.md\/index.php?rest_route=\/wp\/v2\/pages\/30","targetHints":{"allow":["GET"]}}],"collection":[{"href":"https:\/\/ott.usm.md\/index.php?rest_route=\/wp\/v2\/pages"}],"about":[{"href":"https:\/\/ott.usm.md\/index.php?rest_route=\/wp\/v2\/types\/page"}],"author":[{"embeddable":true,"href":"https:\/\/ott.usm.md\/index.php?rest_route=\/wp\/v2\/users\/1"}],"replies":[{"embeddable":true,"href":"https:\/\/ott.usm.md\/index.php?rest_route=%2Fwp%2Fv2%2Fcomments&post=30"}],"version-history":[{"count":3,"href":"https:\/\/ott.usm.md\/index.php?rest_route=\/wp\/v2\/pages\/30\/revisions"}],"predecessor-version":[{"id":1180,"href":"https:\/\/ott.usm.md\/index.php?rest_route=\/wp\/v2\/pages\/30\/revisions\/1180"}],"wp:attachment":[{"href":"https:\/\/ott.usm.md\/index.php?rest_route=%2Fwp%2Fv2%2Fmedia&parent=30"}],"curies":[{"name":"wp","href":"https:\/\/api.w.org\/{rel}","templated":true}]}}